{"id":627,"date":"2012-12-27T18:22:24","date_gmt":"2012-12-27T17:22:24","guid":{"rendered":"http:\/\/arzmadrid.es\/svsc\/wp\/?page_id=627"},"modified":"2022-06-15T10:11:33","modified_gmt":"2022-06-15T09:11:33","slug":"eucaristia","status":"publish","type":"page","link":"https:\/\/svsc.archimadrid.es\/?page_id=627","title":{"rendered":"Eucarist\u00eda"},"content":{"rendered":"<p><a href=\"https:\/\/i0.wp.com\/arzmadrid.es\/svsc\/wp\/wp-content\/uploads\/2012\/12\/eucaristia03012.jpg\"><img data-recalc-dims=\"1\" loading=\"lazy\" decoding=\"async\" data-attachment-id=\"628\" data-permalink=\"https:\/\/svsc.archimadrid.es\/?attachment_id=628\" data-orig-file=\"https:\/\/i0.wp.com\/svsc.archimadrid.es\/wp-content\/uploads\/2012\/12\/eucaristia03012.jpg?fit=733%2C787&amp;ssl=1\" data-orig-size=\"733,787\" data-comments-opened=\"0\" data-image-meta=\"{&quot;aperture&quot;:&quot;0&quot;,&quot;credit&quot;:&quot;&quot;,&quot;camera&quot;:&quot;&quot;,&quot;caption&quot;:&quot;&quot;,&quot;created_timestamp&quot;:&quot;0&quot;,&quot;copyright&quot;:&quot;&quot;,&quot;focal_length&quot;:&quot;0&quot;,&quot;iso&quot;:&quot;0&quot;,&quot;shutter_speed&quot;:&quot;0&quot;,&quot;title&quot;:&quot;&quot;}\" data-image-title=\"eucaristia03012\" data-image-description=\"\" data-image-caption=\"\" data-medium-file=\"https:\/\/i0.wp.com\/svsc.archimadrid.es\/wp-content\/uploads\/2012\/12\/eucaristia03012.jpg?fit=279%2C300&amp;ssl=1\" data-large-file=\"https:\/\/i0.wp.com\/svsc.archimadrid.es\/wp-content\/uploads\/2012\/12\/eucaristia03012.jpg?fit=733%2C787&amp;ssl=1\" class=\"alignleft size-thumbnail wp-image-628\" src=\"https:\/\/i0.wp.com\/arzmadrid.es\/svsc\/wp\/wp-content\/uploads\/2012\/12\/eucaristia03012-150x150.jpg?resize=150%2C150\" alt=\"eucaristia03012\" width=\"150\" height=\"150\" srcset=\"https:\/\/i0.wp.com\/svsc.archimadrid.es\/wp-content\/uploads\/2012\/12\/eucaristia03012.jpg?resize=150%2C150&amp;ssl=1 150w, https:\/\/i0.wp.com\/svsc.archimadrid.es\/wp-content\/uploads\/2012\/12\/eucaristia03012.jpg?zoom=2&amp;resize=150%2C150 300w, https:\/\/i0.wp.com\/svsc.archimadrid.es\/wp-content\/uploads\/2012\/12\/eucaristia03012.jpg?zoom=3&amp;resize=150%2C150 450w\" sizes=\"auto, (max-width: 150px) 100vw, 150px\" \/><\/a><\/p>\n<p>La Eucarist\u00eda es la consagraci\u00f3n del <strong>pan en el Cuerpo de Cristo<\/strong> y del <strong>vino en su Sangre<\/strong> que renueva m\u00edstica y sacramentalmente el sacrificio de Jesucristo en la Cruz. <strong>La Eucarist\u00eda es Jes\u00fas real y personalmente presente<\/strong> en el pan y el vino que el sacerdote consagra. Por la fe creemos que la presencia de Jes\u00fas en la Hostia y el vino no es s\u00f3lo simb\u00f3lica sino real; esto se llama el misterio de la transubstanciaci\u00f3n ya que lo que cambia es la sustancia del pan y del vino; los accidente\u2014forma, color, sabor, etc.\u2014 permanecen iguales.<\/p>\n<p>La instituci\u00f3n de la Eucarist\u00eda, tuvo lugar durante la \u00faltima cena pascual que celebr\u00f3 con sus disc\u00edpulos y los cuatro relatos coinciden en lo esencial, en todos ellos la consagraci\u00f3n del pan precede a la del c\u00e1liz; aunque debemos recordar, que en la realidad hist\u00f3rica, la celebraci\u00f3n de la Eucarist\u00eda ( Fracci\u00f3n del Pan ) comenz\u00f3 en la Iglesia primitiva antes de la redacci\u00f3n de los Evangelios.<\/p>\n<p>Los signos esenciales del sacramento eucar\u00edstico son pan de trigo y vino de vid, sobre los cuales es invocada la bendici\u00f3n del Esp\u00edritu Santo y el presb\u00edtero pronuncia las palabras de la consagraci\u00f3n dichas por Jes\u00fas en la \u00faltima Cena: \u00abEsto es mi Cuerpo entregado por vosotros&#8230; Este es el c\u00e1liz de mi Sangre&#8230;\u00bb. Encuentro con Jes\u00fas amor.<\/p>\n<p>Necesariamente el encuentro con Cristo Eucarist\u00eda es una experiencia personal e \u00edntima, y que supone el encuentro pleno de dos que se aman. Es por tanto imposible generalizar acerca de ellos. Porque s\u00f3lo Dios conoce los corazones de los hombres. Sin embargo s\u00ed debemos traslucir en nuestra vida, la trascendencia del encuentro \u00edntimo con el Amor. Resulta l\u00f3gico pensar que quien recibe esta Gracia, est\u00e1 en mayor capacidad de amar y de servir al hermano y que adem\u00e1s alimentado con el Pan de Vida debe estar m\u00e1s fortalecido para enfrentar las pruebas, para encarar el sufrimiento, para contagiar su fe y su esperanza. En fin para llevar a feliz t\u00e9rmino la misi\u00f3n, la vocaci\u00f3n, que el Se\u00f1or le otorgue.<\/p>\n<p><a href=\"https:\/\/i0.wp.com\/arzmadrid.es\/svsc\/wp\/wp-content\/uploads\/2012\/12\/Eucaristia.jpg\"><img data-recalc-dims=\"1\" loading=\"lazy\" decoding=\"async\" data-attachment-id=\"629\" data-permalink=\"https:\/\/svsc.archimadrid.es\/?attachment_id=629\" data-orig-file=\"https:\/\/i0.wp.com\/svsc.archimadrid.es\/wp-content\/uploads\/2012\/12\/Eucaristia.jpg?fit=275%2C275&amp;ssl=1\" data-orig-size=\"275,275\" data-comments-opened=\"0\" data-image-meta=\"{&quot;aperture&quot;:&quot;0&quot;,&quot;credit&quot;:&quot;&quot;,&quot;camera&quot;:&quot;&quot;,&quot;caption&quot;:&quot;&quot;,&quot;created_timestamp&quot;:&quot;0&quot;,&quot;copyright&quot;:&quot;&quot;,&quot;focal_length&quot;:&quot;0&quot;,&quot;iso&quot;:&quot;0&quot;,&quot;shutter_speed&quot;:&quot;0&quot;,&quot;title&quot;:&quot;&quot;}\" data-image-title=\"Eucaristia\" data-image-description=\"\" data-image-caption=\"\" data-medium-file=\"https:\/\/i0.wp.com\/svsc.archimadrid.es\/wp-content\/uploads\/2012\/12\/Eucaristia.jpg?fit=275%2C275&amp;ssl=1\" data-large-file=\"https:\/\/i0.wp.com\/svsc.archimadrid.es\/wp-content\/uploads\/2012\/12\/Eucaristia.jpg?fit=275%2C275&amp;ssl=1\" class=\"alignleft size-thumbnail wp-image-629\" src=\"https:\/\/i0.wp.com\/arzmadrid.es\/svsc\/wp\/wp-content\/uploads\/2012\/12\/Eucaristia-150x150.jpg?resize=150%2C150\" alt=\"Eucaristia\" width=\"150\" height=\"150\" srcset=\"https:\/\/i0.wp.com\/svsc.archimadrid.es\/wp-content\/uploads\/2012\/12\/Eucaristia.jpg?resize=150%2C150&amp;ssl=1 150w, https:\/\/i0.wp.com\/svsc.archimadrid.es\/wp-content\/uploads\/2012\/12\/Eucaristia.jpg?w=275&amp;ssl=1 275w\" sizes=\"auto, (max-width: 150px) 100vw, 150px\" \/><\/a>Es muy importante conocer las partes de la misa para vivirla como Dios quiere.<\/p>\n<p>Las indicaciones que siguen corresponden a la Ordenaci\u00f3n del Misal Romano (2002). Las letras indican la <strong>posici\u00f3n<\/strong> que deben asumir los fieles (P: en Pie; S: sentados; R: arrodillados)<br \/>\n<b>1. RITOS INICIALES<\/b><\/p>\n<p><b>Entrada<\/b>\u00a0<i>(P)<\/i><\/p>\n<p>Mientras entra el sacerdote comienza el<em> canto de entrada<\/em>. El fin de este canto es abrir la celebraci\u00f3n, fomentar la uni\u00f3n de quienes se han reunido y elevar sus pensamientos a la contemplaci\u00f3n del misterio lit\u00fargico o de la fiesta.<\/p>\n<p><b>Saludo al altar y pueblo congregado<\/b><i>(P)<\/i><\/p>\n<p>Cuando llega, el sacerdote <em>besa el altar<\/em>. Terminando el canto de entrada, el sacerdote y la asamblea hacen la <em>se\u00f1al de la cruz<\/em>. A continuaci\u00f3n el sacerdote, por medio del <em>saludo<\/em>, manifiesta a la asamblea reunida la presencia del Se\u00f1or.\u00a0Despu\u00e9s el sacerdote invita al <strong>Acto penitencial,<\/strong> que se realiza cuando toda la comunidad hace su confesi\u00f3n general termina con la conclusi\u00f3n del sacerdote.<\/p>\n<p><b>Se\u00f1or, ten piedad<\/b><i>(P)<\/i><\/p>\n<p>Despu\u00e9s del acto penitencial, se empieza el \u201cSe\u00f1or, ten piedad\u201d, a no ser que \u00e9ste haya formado ya parte del mismo acto penitencial. Si no se canta el \u201cSe\u00f1or, ten piedad\u201d, al menos se recita.<\/p>\n<p><b>Gloria<\/b>\u00a0<i>(P)<\/i><\/p>\n<p>Este es un antiqu\u00edsimo y venerable himno con que la Iglesia, congregada en el Esp\u00edritu Santo, glorifica a Dios Padre y al Cordero, y le presenta sus s\u00faplicas. Si no se canta, al menos lo han de recitar todos.<\/p>\n<p><b>Oraci\u00f3n colecta\u00a0<\/b><i>(P)<\/i><\/p>\n<p>El sacerdote invita al pueblo a orar; y todos, a una con el sacerdote, permanecen un rato en silencio. Luego, el sacerdote lee la oraci\u00f3n que expresa la \u00edndole de la celebraci\u00f3n; el pueblo la hace suya diciendo <strong>AM\u00c9N<\/strong>.<\/p>\n<p><b>2. LITURGIA DE LA PALABRA<\/b><\/p>\n<p>La Eucarist\u00eda es sacramento de toda la vida de Jes\u00fas. Mediante las Lecturas b\u00edblicas nos acercamos a ella:<\/p>\n<ul>\n<li>La <strong>primera lectura.<\/strong><i>(S)<\/i>\u00a0Se toma del Antiguo Testamento (excepto en el tiempo Pascual, que es de los Hechos de los Ap\u00f3stoles) y nos sirve para entender muchas de las cosas que hizo Jes\u00fas.<\/li>\n<li><strong>Salmo Responsorial.<\/strong><i>(S)<\/i>\u00a0Formando parte de la misma Liturgia de la Palabra tenemos los Cantos interleccionales.\u00a0El salmista o cantor del salmo, desde el <strong>amb\u00f3n<\/strong>, proclama las estrofas del salmo, mientras toda asamblea escucha y adem\u00e1s participa con su respuesta.<\/li>\n<li><strong>La segunda lectura.<\/strong>\u00a0<i>(S)<\/i>Se toma del Nuevo Testamento. Esta segunda lectura nos sirve para conocer c\u00f3mo viv\u00edan los primeros cristianos y c\u00f3mo explicaban a los dem\u00e1s las ense\u00f1anzas de Jes\u00fas. Esto nos ayuda a conocer y entender mejor lo que J\u00e9sus nos ense\u00f1\u00f3. Tambi\u00e9n nos ayuda a entender mucas tradiciones de la Iglesia. Despu\u00e9s de la segunda lectura se canta el Aleluya, que es un canto alegre que recuerda la Resurrecci\u00f3n u otro canto seg\u00fan las exigencias del tiempo lit\u00fargico .<\/li>\n<li><strong>Aleluya<em> (P)<\/em>.\u00a0<\/strong>Es un canto que significa \u00abalabad a Yahv\u00e9\u00bb, con el que nos preparamos a escuchar el Evangelio.<\/li>\n<\/ul>\n<p><strong>El Evangelio.\u00a0<\/strong><i><strong>(P<\/strong>)<\/i>\u00a0Se toma de alguno de los cuatro Evangelios de acuerdo al\u00a0ciclo\u00a0lit\u00fargico y narra una peque\u00f1a parte de la vida o las ense\u00f1anzas de Jes\u00fas. Es aqu\u00ed donde podemos conocer c\u00f3mo era Jes\u00fas, qu\u00e9 sent\u00eda, qu\u00e9 hac\u00eda, c\u00f3mo ense\u00f1aba, qu\u00e9 nos quiere transmitir. Esta lectura la hace el sacerdote o el di\u00e1cono.<b>Homil\u00eda\u00a0<\/b><i>(S)<\/i>Conviene que sea una explicaci\u00f3n de las Lecturas, o de otro texto del Ordinario, o del Propio de la Misa del d\u00eda, teniendo siempre el misterio que se celebra y las particulares necesidades de los oyentes.<b>Profesi\u00f3n de fe\u00a0<\/b><i>(P)<\/i><\/p>\n<p>Con el S\u00edmbolo o <strong>Credo<\/strong> el Pueblo da su asentamiento y respuesta a la Palabra de Dios proclamada en las Lecturas y en Homil\u00eda, y trae su memoria, antes de empezar la celebraci\u00f3n eucar\u00edstica, la norma de su fe.<\/p>\n<p><b>Oraci\u00f3n universal\u00a0<\/b><i>(P)<\/i><\/p>\n<p>En la oraci\u00f3n universal u oraci\u00f3n de los fieles, el Pueblo, ejercitando su oficio sacerdotal, ruega por todos los hombres (Papa, Iglesia, Estado, necesidades&#8230;.).La asamblea expresa su s\u00faplica o con una invocaci\u00f3n com\u00fan, que se pronuncia despu\u00e9s de cada intenci\u00f3n, o con una oraci\u00f3n en silencio.<\/p>\n<p><b>3. LITURGIA EUCAR\u00cdSTICA<\/b><\/p>\n<p><b>Preparaci\u00f3n de los dones\u00a0<\/b><i>(S)<\/i><\/p>\n<p>Al comienzo de la Liturgia eucar\u00edstica se llevan al altar los dones que se convertir\u00e1n en el cuerpo y en la Sangre de Cristo: es de alabar que el pan y el vino lo presenten los mismos fieles. Acompa\u00f1a a esta procesi\u00f3n el canto del ofertorio, que se alarga por los menos hasta que los dones han sido colocados sobre el altar.<\/p>\n<p><b>Plegaria eucar\u00edstica\u00a0<\/b><i>(P)<\/i><\/p>\n<p>Este es el centro y el culmen de toda la celebraci\u00f3n. Es una plegaria de acci\u00f3n de gracias y de consagraci\u00f3n. El sentido de esta oraci\u00f3n es que toda la congregaci\u00f3n de fieles se una con Cristo en el reconocimiento de las grandezas de Dios y en la ofrenda del sacrificio.<br \/>\nLos principales elementos de que consta la Plegar\u00eda eucar\u00edstica pueden distinguirse de esta manera:<\/p>\n<p>a) <strong>Acci\u00f3n de gracias<\/strong><i>(P)<\/i>(que se expresa sobre todo en el Prefacio.<\/p>\n<p>b) <strong>Santo<\/strong>:<i>(P)<\/i>\u00a0con esta aclamaci\u00f3n toda la asamblea, uni\u00e9ndose a las jerarqu\u00edas celestiales, canta o recita las alabanzas a Dios.<\/p>\n<p>c) <strong>Ep\u00edclesis\u00a0<\/strong><i>(R)<\/i>: con ella la Iglesia, por medio de determinadas invocaciones, implora el poder divino para que los dones que han presentado los hombres queden consagradas, es decir, se conviertan en el Cuerpo y la Sangre de Cristo, y para que la v\u00edctima inmaculada que se va a recibir en la comuni\u00f3n sea para salvaci\u00f3n de quienes la reciban.<\/p>\n<p>d) <strong>Narraci\u00f3n de la instituci\u00f3n y consagraci\u00f3n\u00a0<\/strong><i>(R)<\/i>: en ella, con las palabras y gestos de Cristo, se realiza el sacrificio que \u00e9l mismo instituy\u00f3 en la \u00faltima cena. Es el momento m\u00e1s solemne de la Misa; en \u00e9l ocurre el misterio de la transformaci\u00f3n real del pan y el vino en el Cuerpo y Sangre de Cristo. Dios se hace presente ante nosotros para que podamos estar muy cerca de \u00c9l. Es un misterio de amor maravilloso que debemos contemplar con el mayor respeto y devoci\u00f3n. Debemos aprovechar ese momento para adorar a Dios en la Eucarist\u00eda<\/p>\n<p>e) <strong>An\u00e1mnesis\u00a0<\/strong><i>(R)<\/i>: con ella la Iglesia, al cumplir este encargo que, a trav\u00e9s de los Ap\u00f3stoles, recibi\u00f3 de Cristo Se\u00f1or, realiza el memorial del mismo Cristo, recordando principalmente su bienaventurada pasi\u00f3n, su gloriosa resurrecci\u00f3n y la ascensi\u00f3n al cielo.<\/p>\n<p>f) <strong>Oblaci\u00f3n<\/strong><i>(P)<\/i>: la asamblea ofrece al Padre la v\u00edctima inmaculada, y con ella se ofrece cada uno de los participantes.<\/p>\n<p>g) <strong>Intercesiones\u00a0<\/strong><i>(P)<\/i>: con ellas se da a entender que la Eucarist\u00eda se celebra en comuni\u00f3n con toda la Iglesia, celeste y terrena, y que la oblaci\u00f3n se hace por ella y por todos sus miembros, vivos y difuntos.<\/p>\n<p>h) <strong>Doxolog\u00eda<\/strong> <strong>final\u00a0<\/strong><i>(P)<\/i>: en ella se expresa la glorificaci\u00f3n de Dios y se concluye y confirma con el amen del pueblo.<\/p>\n<p><b>Rito de la comuni\u00f3n<\/b><\/p>\n<p>Ya que la celebraci\u00f3n eucar\u00edstica es un convite pascual, conviene que, seg\u00fan el encargo del Se\u00f1or, su Cuerpo y su Sangre sean recibidos por los fieles, debidamente dispuestos, como alimento espiritual. Significa \u00abcom\u00fan uni\u00f3n\u00bb. Al acercarnos a\u00a0comulgar\u00a0 adem\u00e1s de recibir a Jes\u00fas dentro de nosotros y de abrazarlo con tanto amor y alegr\u00eda, nos unimos a toda la Iglesia en esa misma alegr\u00eda y amor<\/p>\n<p>a) La <strong>oraci\u00f3n<\/strong> <strong>dominical\u00a0<\/strong><i>(P)<\/i>: se pide el pan de cada d\u00eda, con lo que tambi\u00e9n se alude, para los cristianos, el pan eucar\u00edstico, y se implora el perd\u00f3n de los pecados. El embolismo, que desarrolla la \u00faltima petici\u00f3n, pide para todos los fieles la liberaci\u00f3n del poder del mal.<\/p>\n<p>b) El <strong>rito<\/strong> <strong>de<\/strong> <strong>la<\/strong> <strong>paz\u00a0<\/strong><i>(P)<\/i>: con que los fieles imploran la paz y la unidad para la iglesia y para toda la familia humana y se expresan mutuamente la caridad antes de participar de un mismo pan.<\/p>\n<p>c) El <strong>gesto<\/strong> <strong>de<\/strong> <strong>la<\/strong> <strong>fracci\u00f3n<\/strong> <strong>del<\/strong> <strong>pan<\/strong>:<i>(P)<\/i>\u00a0realizado por Cristo en la \u00faltima Cena, en los tiempos apost\u00f3licos fue el sirvi\u00f3 para denominar la integra acci\u00f3n eucar\u00edstica. Significa que nosotros, que somos muchos, en la comuni\u00f3n de un solo pan de vida, que es Cristo, nos hacemos un solo cuerpo (1 Co 10,17)<\/p>\n<p>d) <strong>Inmixi\u00f3n<\/strong> o <strong>mezcla\u00a0<\/strong><i>(P)<\/i>: el celebrante deja caer una parte del pan consagrado en le c\u00e1liz [originariamente era un trozo del pan consagrado en otra comunidad el domingo anterior: signo de comuni\u00f3n entre las diversas comunidades cristianas]<\/p>\n<p>e) Mientras se hace la fracci\u00f3n del pan y la Inmixi\u00f3n, los cantores o un cantor cantan el <strong>Cordero<\/strong> <strong>de<\/strong> <strong>Dios<\/strong>: Esta invocaci\u00f3n puede repetirse cuantas veces sea necesario para acompa\u00f1ar la fracci\u00f3n del pan. La \u00faltima vez se acompa\u00f1ar\u00e1 con las palabras danos la paz.<\/p>\n<p>f) <strong>Preparaci\u00f3n<\/strong> <strong>privada<\/strong> <strong>del<\/strong> <strong>sacerdote<\/strong>.<\/p>\n<p>g) Luego, el Sacerdote <strong>muestra<\/strong> a los fieles <strong>el<\/strong> <strong>pan<\/strong> <strong>eucar\u00edstico<\/strong>.<\/p>\n<p>h) Mientras el sacerdote y los fieles reciben el Sacramento tiene lugar el <strong>canto<\/strong> <strong>de<\/strong> <strong>comuni\u00f3n<\/strong>, canto que debe expresar, por la uni\u00f3n de voces, la uni\u00f3n espiritual de quienes comulgan, demostrar, al mismo tiempo, la alegr\u00eda del coraz\u00f3n y hacer m\u00e1s fraternal la procesi\u00f3n de los que van avanzando para recibir el Cuerpo de Cristo. Si no hay canto, se reza la ant\u00edfona propuesta por la Misal.<\/p>\n<p>i) Terminada la distribuci\u00f3n de la comuni\u00f3n, el sacerdote y los fieles, si juzgan oportuno, pueden <strong>orar<\/strong> <strong>un<\/strong> <strong>rato<\/strong> <strong>recogidos<\/strong>. Si se prefiere, puede tambi\u00e9n cantar toda la asamblea un himno, un salmo o alg\u00fan otro canto de alabanza.<\/p>\n<p>j) En la <strong>oraci\u00f3n<\/strong> <strong>despu\u00e9s<\/strong> <strong>de<\/strong> <strong>la<\/strong> <strong>comuni\u00f3n<\/strong>, el sacerdote ruega para que se obtengan los frutos del misterio celebrado. El pueblo hace suya esta oraci\u00f3n con la aclamaci\u00f3n \u201cAm\u00e9n.\u201d<\/p>\n<p><b>4. RITO DE CONCLUSI\u00d3N\u00a0<\/b><i>(P)<\/i><\/p>\n<p>El rito final consta de saludo y bendici\u00f3n sacerdotal, y de la despedida, con la que se disuelve la asamblea, para que cada uno vuelva a sus honestos quehaceres alabando y bendiciendo al Se\u00f1or.<\/p>\n<div class=\"sharelinks\" style=\"\">\n\t<a title=\"Eucarist\u00eda\" rel=\"nofollow\" target=\"_blank\" href=\"http:\/\/www.facebook.com\/sharer.php?u=https:\/\/svsc.archimadrid.es\/?page_id=627\"><img data-recalc-dims=\"1\" loading=\"lazy\" decoding=\"async\" width=\"56\" height=\"20\" alt=\"facebook\" src=\"https:\/\/i0.wp.com\/svsc.archimadrid.es\/wp-content\/plugins\/facebook-google-twitter-share\/images\/facebook.png?resize=56%2C20&#038;ssl=1\"><\/a>\n\t<a title=\"Eucarist\u00eda\" rel=\"nofollow\" target=\"_blank\" href=\"https:\/\/plus.google.com\/share?url=https:\/\/svsc.archimadrid.es\/?page_id=627\"><img data-recalc-dims=\"1\" loading=\"lazy\" decoding=\"async\" width=\"60\" height=\"20\" alt=\"google plus\" src=\"https:\/\/i0.wp.com\/svsc.archimadrid.es\/wp-content\/plugins\/facebook-google-twitter-share\/images\/googleplus.png?resize=60%2C20&#038;ssl=1\"><\/a>\n\t<a title=\"Eucarist\u00eda\" Nagar\" rel=\"nofollow\" target=\"_blank\" href=\"http:\/\/twitter.com\/home?status=Eucarist\u00eda https:\/\/svsc.archimadrid.es\/?page_id=627\"><img data-recalc-dims=\"1\" loading=\"lazy\" decoding=\"async\" width=\"70\" height=\"20\" alt=\"twitter\" src=\"https:\/\/i0.wp.com\/svsc.archimadrid.es\/wp-content\/plugins\/facebook-google-twitter-share\/images\/twitter.png?resize=70%2C20&#038;ssl=1\"><\/a>\n\t<\/div>","protected":false},"excerpt":{"rendered":"<p>La Eucarist\u00eda es la consagraci\u00f3n del pan en el Cuerpo de Cristo y del vino en su Sangre que renueva m\u00edstica y sacramentalmente el sacrificio de Jesucristo en la Cruz. La Eucarist\u00eda es Jes\u00fas real y personalmente presente en el pan y el vino que el sacerdote consagra. Por la fe creemos que la presencia &hellip; <\/p>\n<p><a class=\"more-link btn\" href=\"https:\/\/svsc.archimadrid.es\/?page_id=627\">Seguir leyendo<\/a><\/p>\n","protected":false},"author":4,"featured_media":0,"parent":24,"menu_order":3,"comment_status":"closed","ping_status":"closed","template":"","meta":{"jetpack_post_was_ever_published":false,"footnotes":""},"class_list":["post-627","page","type-page","status-publish","hentry","nodate","item-wrap"],"jetpack_shortlink":"https:\/\/wp.me\/P2YM3J-a7","jetpack_sharing_enabled":true,"jetpack_likes_enabled":false,"_links":{"self":[{"href":"https:\/\/svsc.archimadrid.es\/index.php?rest_route=\/wp\/v2\/pages\/627","targetHints":{"allow":["GET"]}}],"collection":[{"href":"https:\/\/svsc.archimadrid.es\/index.php?rest_route=\/wp\/v2\/pages"}],"about":[{"href":"https:\/\/svsc.archimadrid.es\/index.php?rest_route=\/wp\/v2\/types\/page"}],"author":[{"embeddable":true,"href":"https:\/\/svsc.archimadrid.es\/index.php?rest_route=\/wp\/v2\/users\/4"}],"replies":[{"embeddable":true,"href":"https:\/\/svsc.archimadrid.es\/index.php?rest_route=%2Fwp%2Fv2%2Fcomments&post=627"}],"version-history":[{"count":6,"href":"https:\/\/svsc.archimadrid.es\/index.php?rest_route=\/wp\/v2\/pages\/627\/revisions"}],"predecessor-version":[{"id":7483,"href":"https:\/\/svsc.archimadrid.es\/index.php?rest_route=\/wp\/v2\/pages\/627\/revisions\/7483"}],"up":[{"embeddable":true,"href":"https:\/\/svsc.archimadrid.es\/index.php?rest_route=\/wp\/v2\/pages\/24"}],"wp:attachment":[{"href":"https:\/\/svsc.archimadrid.es\/index.php?rest_route=%2Fwp%2Fv2%2Fmedia&parent=627"}],"curies":[{"name":"wp","href":"https:\/\/api.w.org\/{rel}","templated":true}]}}