{"id":667,"date":"2012-12-28T12:42:09","date_gmt":"2012-12-28T11:42:09","guid":{"rendered":"http:\/\/arzmadrid.es\/svsc\/wp\/?page_id=667"},"modified":"2026-01-23T09:41:44","modified_gmt":"2026-01-23T08:41:44","slug":"cursillo-prematrimonial","status":"publish","type":"page","link":"https:\/\/svsc.archimadrid.es\/?page_id=667","title":{"rendered":"Cursillo PreMatrimonial"},"content":{"rendered":"<p><em><strong>\u00bfEn qu\u00e9 consiste?<\/strong><\/em><\/p>\n<p>El curso prematrimonial es una formaci\u00f3n que tiene como objetivo explicar y preparar a las parejas que van a recibir el Sacramento del matrimonio. A trav\u00e9s de discusiones y charlas de contenido cristiano, se tratan temas como el significado del matrimonio cat\u00f3lico, el amor cristiano, la psicolog\u00eda masculina y femenina, la vida en pareja, la paternidad responsable y otros aspectos.<\/p>\n<p><em><strong>\u00bfEs obligatorio?<\/strong><\/em><\/p>\n<p>Muchas parejas se preguntan por la conveniencia de hacer un cursillo y si de verdad van a aprender cosas que les resulten \u00fatiles o van a perder el tiempo. Los pastores de la Iglesia ven necesario que los novios reflexionen acerca de una serie de aspectos b\u00e1sicos respecto al matrimonio por ser \u00e9ste una vocaci\u00f3n, por consistir en un v\u00ednculo indisoluble que afectar\u00e1 a todos los aspectos de la vida. Se aprecia en muchas parejas una muy buena voluntad pero una escas\u00edsima formaci\u00f3n o informaci\u00f3n sobre cuestiones esenciales. Por eso, a discreci\u00f3n del\u00a0p\u00e1rroco, que tiene la obligaci\u00f3n de conocer a los novios y dar fe de su libertad y capacidad para contraer matrimonio, se os pedir\u00e1 que hag\u00e1is los cursillos prematrimoniales.<\/p>\n<p><em><strong>Temario<\/strong><\/em><\/p>\n<ul>\n<li>El sentido religioso y la Fe<\/li>\n<li>Jesucristo<\/li>\n<li>La Iglesia, esposa de Cristo<\/li>\n<li>Vocaci\u00f3n al amor Matrimonial<\/li>\n<li>Amor conyugal: comunicaci\u00f3n<\/li>\n<li>Amor Total: cuerpo y esp\u00edritu<\/li>\n<li>Amor Fecundo: Paternidad responsable<\/li>\n<\/ul>\n<p>&nbsp;<\/p>\n<p><strong>CALENDARIO DE LOS CURSILLOS 2026<\/strong><\/p>\n<p><strong>En 2026 los Cursillos prematrimoniales del Arciprestazgo ser\u00e1n en la Parroquia Santa Teresa de Calcuta<\/strong><\/p>\n<p>Calle Minerva, 58, 28032 Madrid, Spain<\/p>\n<p>Tel\u00e9fono: 917768162<\/p>\n<p>santateresadecalcuta@archimadrid.es<strong><br \/>\n<\/strong><\/p>\n<p><strong>Fechas:<\/strong><\/p>\n<p>14 y 15 de febrero de 2026<\/p>\n<p>13 y 14 de junio de 2026<\/p>\n<p>10 y 11 de octubre de 2026<\/p>\n<p><strong>Modalidad:<\/strong><\/p>\n<ul>\n<li>S\u00e1bado y Domingo.<\/li>\n<\/ul>\n<p>Horario del d\u00eda s\u00e1bado: de 10.00 a 14.00 y de 16.00 a 19.00<\/p>\n<p>Horario del d\u00eda Domingo: de 10.00 a 14.00<\/p>\n<p><strong>INSCRIPCIONES<\/strong><\/p>\n<p>Enviar un correo electr\u00f3nico a\u00a0<a href=\"mailto:sangregoriomagno@archimadrid.es?subject=\">parr.santateresadecalcuta@gmail.com <\/a>con los siguientes datos:<\/p>\n<p>Nombres y apellidos de ambos<br \/>\nDirecci\u00f3n, si fuera diferentes, la de ambos<br \/>\nTel\u00e9fono m\u00f3vil de ambos<br \/>\nCorreo electr\u00f3nico de ambos<br \/>\nFecha y parroquia de boda<\/p>\n<div class=\"sharelinks\" style=\"\">\n\t<a title=\"Cursillo PreMatrimonial\" rel=\"nofollow\" target=\"_blank\" href=\"http:\/\/www.facebook.com\/sharer.php?u=https:\/\/svsc.archimadrid.es\/?page_id=667\"><img data-recalc-dims=\"1\" loading=\"lazy\" decoding=\"async\" width=\"56\" height=\"20\" alt=\"facebook\" src=\"https:\/\/i0.wp.com\/svsc.archimadrid.es\/wp-content\/plugins\/facebook-google-twitter-share\/images\/facebook.png?resize=56%2C20&#038;ssl=1\"><\/a>\n\t<a title=\"Cursillo PreMatrimonial\" rel=\"nofollow\" target=\"_blank\" href=\"https:\/\/plus.google.com\/share?url=https:\/\/svsc.archimadrid.es\/?page_id=667\"><img data-recalc-dims=\"1\" loading=\"lazy\" decoding=\"async\" width=\"60\" height=\"20\" alt=\"google plus\" src=\"https:\/\/i0.wp.com\/svsc.archimadrid.es\/wp-content\/plugins\/facebook-google-twitter-share\/images\/googleplus.png?resize=60%2C20&#038;ssl=1\"><\/a>\n\t<a title=\"Cursillo PreMatrimonial\" Nagar\" rel=\"nofollow\" target=\"_blank\" href=\"http:\/\/twitter.com\/home?status=Cursillo PreMatrimonial https:\/\/svsc.archimadrid.es\/?page_id=667\"><img data-recalc-dims=\"1\" loading=\"lazy\" decoding=\"async\" width=\"70\" height=\"20\" alt=\"twitter\" src=\"https:\/\/i0.wp.com\/svsc.archimadrid.es\/wp-content\/plugins\/facebook-google-twitter-share\/images\/twitter.png?resize=70%2C20&#038;ssl=1\"><\/a>\n\t<\/div>","protected":false},"excerpt":{"rendered":"<p>\u00bfEn qu\u00e9 consiste? El curso prematrimonial es una formaci\u00f3n que tiene como objetivo explicar y preparar a las parejas que van a recibir el Sacramento del matrimonio. A trav\u00e9s de discusiones y charlas de contenido cristiano, se tratan temas como el significado del matrimonio cat\u00f3lico, el amor cristiano, la psicolog\u00eda masculina y femenina, la vida &hellip; <\/p>\n<p><a class=\"more-link btn\" href=\"https:\/\/svsc.archimadrid.es\/?page_id=667\">Seguir leyendo<\/a><\/p>\n","protected":false},"author":4,"featured_media":0,"parent":661,"menu_order":1,"comment_status":"closed","ping_status":"closed","template":"","meta":{"jetpack_post_was_ever_published":false,"footnotes":""},"class_list":["post-667","page","type-page","status-publish","hentry","nodate","item-wrap"],"jetpack_shortlink":"https:\/\/wp.me\/P2YM3J-aL","jetpack_sharing_enabled":true,"jetpack_likes_enabled":false,"_links":{"self":[{"href":"https:\/\/svsc.archimadrid.es\/index.php?rest_route=\/wp\/v2\/pages\/667","targetHints":{"allow":["GET"]}}],"collection":[{"href":"https:\/\/svsc.archimadrid.es\/index.php?rest_route=\/wp\/v2\/pages"}],"about":[{"href":"https:\/\/svsc.archimadrid.es\/index.php?rest_route=\/wp\/v2\/types\/page"}],"author":[{"embeddable":true,"href":"https:\/\/svsc.archimadrid.es\/index.php?rest_route=\/wp\/v2\/users\/4"}],"replies":[{"embeddable":true,"href":"https:\/\/svsc.archimadrid.es\/index.php?rest_route=%2Fwp%2Fv2%2Fcomments&post=667"}],"version-history":[{"count":18,"href":"https:\/\/svsc.archimadrid.es\/index.php?rest_route=\/wp\/v2\/pages\/667\/revisions"}],"predecessor-version":[{"id":7542,"href":"https:\/\/svsc.archimadrid.es\/index.php?rest_route=\/wp\/v2\/pages\/667\/revisions\/7542"}],"up":[{"embeddable":true,"href":"https:\/\/svsc.archimadrid.es\/index.php?rest_route=\/wp\/v2\/pages\/661"}],"wp:attachment":[{"href":"https:\/\/svsc.archimadrid.es\/index.php?rest_route=%2Fwp%2Fv2%2Fmedia&parent=667"}],"curies":[{"name":"wp","href":"https:\/\/api.w.org\/{rel}","templated":true}]}}